 units digit of (5/(-5))/((1/122)/s)?
2
Suppose -8*w + 7 + 9 = 0. Suppose w*p + 2809 = -m + 6*m, 3*m = 5*p + 1693. What is the units digit of m?
1
Suppose -10 + 6 = 2*k. Let b be (12/8 - 2)/(k/(-212)). Let u = 92 - b. What is the hundreds digit of u?
1
Let z = -499 + 827. Suppose z + 1307 = 5*a. What is the tens digit of a?
2
Suppose 22357 = t - 3*f, -f + 22345 = -723*t + 724*t. What is the units digit of t?
8
Suppose -90*m + 14*m + 28831 + 232761 = 0. What is the hundreds digit of m?
4
Let z = 34662 - -815. What is the units digit of z?
7
Suppose 2*j = -q + 1419, 0 = -4*q + 3*j + 7904 - 2228. Suppose 5*k - i - 7096 = -5*i, -k = i - q. What is the tens digit of k?
2
Let y(t) be the third derivative of -43/6*t**3 + 0*t + 5/8*t**4 + 0 - 24*t**2. What is the tens digit of y(15)?
8
What is the hundreds digit of (47426/(-184))/((-2)/256)?
9
Suppose 4*v + 4 = 4*d, 2*d + 47 - 34 = 5*v. What is the hundreds digit of (5696/(-6))/((-9)/81*d)?
4
Let f = -21 + -150. Suppose -n = -5*z + 147, 0 = -5*n - 0*z - 4*z - 590. Let m = n - f. What is the tens digit of m?
4
Let v(u) be the second derivative of -u**4/4 - 7*u**3/6 - 9*u**2/2 - 23*u. Let s be v(-5). Let x = s + 76. What is the tens digit of x?
2
Let b be 1/(25/4)*-5*30. What is the hundreds digit of ((-701)/2)/((-4)/b*-3)?
7
Let f(u) = -6*u - 43*u - 10*u + 1 + 31. Let n(b) = -b**2 - 7*b - 3. Let c be n(-7). What is the tens digit of f(c)?
0
Suppose 5*q + 20 = -a, 3*a = -0*a + 3*q + 30. What is the hundreds digit of 0/(-1) - -14*420/a?
1
Suppose s + 31636 + 26498 = 4*g, -5*s = -4*g + 58126. What is the hundreds digit of g?
5
Let z = 188 + -183. What is the units digit of (z - (-4)/(-16))*-4*-21?
9
Let i(n) = 17*n**2 - 21*n + 60. What is the units digit of i(4)?
8
Let y be 38/(-57) + (-51)/(-9). Suppose 5*j - 27 = -7. Suppose 0 = j*x - m - 207, -3*x + 131 = -x + y*m. What is the units digit of x?
3
Let a(o) = -11*o**3 - 10*o**3 + 17*o**3 - 1 - 5. What is the units digit of a(-6)?
8
Let x(t) = -t + 3. Let c be 15*4/(-60)*-6. Let a be x(c). What is the tens digit of 71 + (a - -2 - 1)?
6
Let k(c) = 861*c + 316. What is the thousands digit of k(63)?
4
Let z = -12 - 293. Let w = 839 + z. What is the tens digit of w?
3
Let p be (-1 - 18/(-12))*4. What is the hundreds digit of (3/(-6))/(p/(-3424))?
8
Let f = -24101 + 42497. What is the tens digit of f?
9
Let z(u) = -19*u + 148. Let i be z(-39). Let m = -685 + i. What is the hundreds digit of m?
2
Suppose -2*t - 13*t = -37050. What is the hundreds digit of t?
4
Let v(o) = -o**3 - 1097 - 1092 + 2195 - 3*o**2 + 3*o. Let l be 1/(-5) - (-48)/(-10). What is the tens digit of v(l)?
4
Suppose -4*b = -5*w - 3684, -2*b + 900 = -b + 4*w. Suppose -5*v + 1707 + 2828 = g, -v + b = 2*g. What is the hundreds digit of v?
9
What is the tens digit of ((-36)/8)/(46/(-98900))?
7
Suppose 2*x + n - 6 = 0, 4*x + x - n = 22. Suppose 3*b - s + 5 + 13 = 0, -x*b + 2*s = 26. What is the units digit of 96*1*b/(-10)?
8
Let b = 38 + -60. Let p = b + 26. Suppose p*m + 50 = 5*m. What is the units digit of m?
0
Let v = 19085 - -37264. What is the ten thousands digit of v?
5
Let x = 15 + -21. What is the hundreds digit of 191 - (-7)/(21/x)?
1
Let s be (-14)/49 + 69/21. Suppose s*z + 0*z - 12 = 0. Suppose y = -z*y - 2*g + 396, 5*g - 390 = -5*y. What is the units digit of y?
0
Let b = -1423 + 2179. Let f be ((-12)/5)/((-63)/105). Suppose -5*c - b = -4*h, f*c - 2*c - 912 = -5*h. What is the units digit of h?
4
Let j(d) = 121*d**3 - 6*d**2 + 36*d - 96. What is the tens digit of j(5)?
5
Suppose 5*p + 4*i = -66, 4*p + 0*p = -5*i - 51. Let w be (-28)/8*24/p. Suppose w*k = k + 390. What is the tens digit of k?
7
Let h = -13175 + 18863. What is the thousands digit of h?
5
Suppose -3*v + 5*u + 37 = 15, -v = 2*u. Suppose -2*g = -9*c + 6*c - 512, 767 = 3*g - v*c. What is the units digit of g?
3
Suppose b + 5*a + 161 = -101, b + 4*a + 263 = 0. Let s = b - -48. Let i = -13 - s. What is the hundreds digit of i?
2
Suppose 214712 = 42*d - 810340. What is the hundreds digit of d?
4
Suppose 0 = -0*i - i + p + 6, -3*p = -4*i + 21. Let v(j) = 0*j - 4*j**3 + 4*j**2 - 6*j**i - 1 - 9*j**3 + j. What is the hundreds digit of v(-2)?
1
Let v(o) = 6*o - 4. Let d be v(5). Let b = d - -90. What is the hundreds digit of b?
1
Let n be -16 + 23 - 5*(0 - -1). What is the units digit of n/((-6)/624*-8)?
6
Let f(n) = -79*n**3 + 3*n**2 + n. Let s(c) = -c**3 - 7*c**2 - 8*c + 2. Let u be s(-2). What is the units digit of f(u)?
2
Let g = -16876 + 28940. What is the ten thousands digit of g?
1
Let y = -3594 - -11032. What is the thousands digit of y?
7
Let n be 10*(-3)/2*81/(-45). What is the tens digit of ((-4)/((-144)/n))/((-6)/(-664))?
8
Let a = -7955 - -11203. Suppose 10*y = 472 + a. What is the hundreds digit of y?
3
Let l(n) = -23*n**3 + n**2 + 2*n - 9. What is the hundreds digit of l(-11)?
7
Let r = -8263 - -21604. What is the ten thousands digit of r?
1
Let f = -11030 + 18124. What is the units digit of f?
4
Suppose -16*i + 60 = -i. Suppose 8*k - 10*k - i*v = -1334, 5*v = 0. What is the tens digit of k?
6
Let s = -168 + 174. Suppose 1188 - 210 = s*g. What is the tens digit of g?
6
Let f = 27845 + 13427. What is the thousands digit of f?
1
Let m(q) = 7*q**2 + 420*q + 244. What is the tens digit of m(-77)?
0
Let r = -28198 + 47006. What is the thousands digit of r?
8
Suppose -2 - 3 = 5*p + 5*q, -4*q - 16 = 0. Suppose -p*n - 2536 = -5*i, 5*n = -5*i + 4*n + 2528. What is the units digit of i?
6
Let j(p) = p**3 - p**2 - 6*p - 13. Let x be j(-3). Let o = x + 61. Let v(t) = t**3 - 31*t**2 + 36*t - 27. What is the tens digit of v(o)?
5
Let o(v) = -418*v**3 - 6*v**2 + 34*v + 211. What is the tens digit of o(-5)?
4
Let v be -5 + 1016/(-20) + 1/(-5). Let c be 4/6 - v/6. Suppose -7*w = -c*w + 81. What is the units digit of w?
7
Let w be 2/(-3 + 242/82). Let d = w + 58. Suppose 3024 = -f + d*f. What is the tens digit of f?
8
Let m = -8339 - -18396. What is the thousands digit of m?
0
Suppose -5*d - 4*z = 13, -14 + 2 = -4*z. Let b(r) = -150*r + 55. What is the tens digit of b(d)?
0
Let m be (-5 + -3 + 5)*2. Let k(a) = 2*a**2 + a**2 + 0*a + 0*a**2 - 9*a - 3. What is the tens digit of k(m)?
5
Let a = -168 - -1632. Suppose -23*m = -29*m + a. What is the units digit of m?
4
Let v(r) = -3*r**2 + 6*r + 14. Let w be 2/10 - (-124)/(-20). Let d be v(w). Let o = d - -198. What is the units digit of o?
8
Suppose -11945 = 51*l - 2867. Let x = l - -1167. What is the units digit of x?
9
Let i(k) be the third derivative of -k**4/24 - 5*k**3/6 + 23*k**2. Let u be i(9). What is the units digit of (19*7)/(u/(-14))?
3
Suppose -4*u = -4*a - 4428, 4*u + a - 55 - 4388 = 0. What is the thousands digit of (u/(-8) + -3)*-8?
1
Suppose -15 = -6*b + b. Suppose -101 = -t - 3*l, -b*l - 523 = -5*t - 0*l. Suppose -t = -6*z + 346. What is the tens digit of z?
7
What is the units digit of 1808936/51 - 16/72*-3?
0
Suppose 4*m - 52535 = f, -2*f = 21 - 15. What is the units digit of m?
3
Let n = 36452 - 20204. What is the hundreds digit of n?
2
Suppose 6*x = 11*z - 12*z + 6047, -5*x - 24275 = -4*z. What is the tens digit of z?
6
Let b be 16/3*30/20. Suppose b*i - 612 = 12. What is the tens digit of i?
7
Let u(m) = 6*m**3 - 2*m**2 + 39*m + 21. What is the units digit of u(10)?
1
Let g(j) = 2 + 81 - 31*j + 162. What is the hundreds digit of g(-21)?
8
Let n(c) = -16*c**3 + 4*c**2 + c. Let a be n(-4). Suppose -2*s + a = 4*r - 1806, -2892 = -2*s - 5*r. What is the thousands digit of s?
1
Let u be ((-44)/(-8))/(2 - (-278)/(-140)). Suppose -u + 1405 = 6*b. Let y = b - 79. What is the units digit of y?
1
Let w(b) = -374*b + 153. Let j be w(4). Let l = j + 2847. What is the units digit of l?
4
Let t(c) = 3*c**2 - c + 2. Let q(o) be the first derivative of -o**3/3 + o**2/2 - 5*o + 3. Let f be q(0). What is the units digit of t(f)?
2
Suppose -11*s = -21435 - 12390. Suppose s = 5*m + 4*h, 45*h = 2*m + 42*h - 1207. What is the hundreds digit of m?
6
Suppose -3*m - 171125 = -14*m - 63765. What is the tens digit of m?
6
Let j(t) = 17*t - 3. Let w be j(24). Suppose -5*r - w + 1645 = -5*h, r + 3*h = 248. What is the tens digit of (r/(-40))/((-1)/5)?
3
Let v(l) = -1469*l**3 - 7*l**2 - 2*l - 6. What is the tens digit of v(-2)?
2
Let t(u) = -13*u - 9. Let r be t(-9). Suppose 3*w - 4*x = r, -72 